the remainder when h is divided by 60.
59
Let v = 5784 - 5715. What is the remainder when 291 is divided by v?
15
Let a(i) = 64*i**2 + i - 4. Let r be ((-9)/(-15))/(2/((-40)/(-6))). Calculate the remainder when a(r) is divided by 66.
56
Suppose 1036 = 626*x - 619*x. What is the remainder when x is divided by 9?
4
Let p(h) = 3*h**2 - 6*h - 5. Let g be p(-4). Let m = 126 - g. Let w = 1954 + -1924. Calculate the remainder when m is divided by w.
29
Let k(r) = 2*r**2 + 18*r + 16. Let n(g) = -g**3 + 7*g**2 + 12*g - 21. Let o be n(8). Let z be k(o). What is the remainder when z/19*11/4 is divided by 23?
20
Calculate the remainder when 221 is divided by (3/(-2))/((-69)/920) + -4 + 0.
13
Let d be 4 + (0/(-2))/(0 + -2). Suppose -z = z - d. Suppose -z*v + 18 = -0*v. Calculate the remainder when 17 is divided by v.
8
Suppose -2*x = -16 - 18. Suppose 189*j - 45*j - 788 = -53*j. What is the remainder when x is divided by j?
1
Let c(p) = 2. Let y(u) = 8*u + 128. Let i(x) = -4*c(x) + y(x). Calculate the remainder when 189 is divided by i(-12).
21
Let u(p) = p**3 - 10*p**2 - 13*p + 8. Let b(a) = 3*a**3 - a**2 - 2*a - 4. Let w be b(2). Calculate the remainder when u(w) is divided by 21.
14
Suppose -7*n + 46*n - 1632 = -12*n. Calculate the remainder when 1022 is divided by n.
30
What is the remainder when 5068 is divided by (84/(-10) + -2)*6*700/(-336)?
128
Suppose 114 = -4*n + 3*y, 2*n = n - y - 32. Let i be (552/60)/(1*1/n). Let x = i + 392. Calculate the remainder when x is divided by 40.
36
Let z(y) = 3*y**2 - 13*y + 71. Let a be z(9). Suppose -7*s + 10*s = 2*x - 342, 0 = x + 5*s - a. Calculate the remainder when x is divided by 36.
33
Suppose 1671 = -10*q - 309. Let n = -11 - -70. Calculate the remainder when n is divided by (-274)/(-18) - (-44)/q.
14
Let h = 187 - 141. What is the remainder when 411 is divided by h?
43
Let w be 1410/(-24) - (-3)/(-12). Let p = 58 + w. Calculate the remainder when (-1 + p + 3)*(5 + 2) is divided by 7.
0
Let l(t) = 114*t - 5. What is the remainder when l(1) is divided by (28/49 + (-129)/(-7))*2?
33
Suppose 4*u = -2*m + 382, -13*m + 2*u - 955 = -18*m. Suppose 4*i = m - 63. What is the remainder when 191 is divided by i?
31
Let c(f) = 9*f - 484 + 1053 - 514. Calculate the remainder when c(-3) is divided by 4.
0
Suppose 3*g + 18 = 6*g. Suppose 0 = 3*x + 9, 3*m - 5*m + 2*x + 18 = 0. Calculate the remainder when (g/15 - 214/10)*-1 is divided by m.
3
Suppose -126 = 79*m + 5*m - 798. Calculate the remainder when 39 is divided by m.
7
Suppose -330 = 5*x - 20*x. Suppose 3*a - 140 = -a. Suppose -2*w + w + a = -4*m, -2*w - 4*m = -x. Calculate the remainder when 56 is divided by w.
18
Let r(o) = -o**3 + 7*o**2 - o - 1. Suppose -8*m - 48*m - 16*m = -24984. Calculate the remainder when m is divided by r(6).
28
Let l(k) = 15*k - 29. What is the remainder when l(9) is divided by 23?
14
Suppose 4*f - 16 = 0, -h - 5*f + 29 = 7. Suppose -66 - 120 = -h*k. Calculate the remainder when k is divided by 20.
13
Let x(a) = 4*a**3 + a**2 + a - 1. Let l be x(1). Let z(v) = 115*v - 32. Calculate the remainder when z(l) is divided by 8.
7
Suppose -16*a = -13*a - 120. Suppose a*l - 35*l = 315. Calculate the remainder when l is divided by 8.
7
Let c = 1831 - 1726. Calculate the remainder when 609 is divided by c.
84
Suppose 11*n - 80011 = -10502. What is the remainder when n is divided by 43?
41
Suppose -46*b + 44*b + 6594 = -2*n, 3*n = 5*b - 16479. What is the remainder when b is divided by 25?
19
Suppose 1372 = 9710*n - 9696*n. Calculate the remainder when n is divided by 26.
20
Suppose 3*m - 18 = 0, -18*t + 22*t - 3062 = 5*m. What is the remainder when t is divided by 158?
141
Let v = 30 + -27. Suppose -m - 8 = k + m, -v*k + 3*m = -21. Calculate the remainder when 65 is divided by k.
1
Let k be -1*6/27 - (-94)/18. Suppose -10*f = -k*f + 20. Let s(d) = -14*d. What is the remainder when s(f) is divided by 19?
18
Let w = 5789 - 5491. Calculate the remainder when w is divided by 50.
48
Let r(p) = 2*p**2 + 8*p - 18. Let t be ((-35)/20)/(-1*(-3)/12). What is the remainder when 119 is divided by r(t)?
23
Let b(c) = c**2 + 43*c + 550. Calculate the remainder when b(-38) is divided by 9.
0
Let q(g) = -2*g**2 - 14*g - 2. Let i be q(-6). Suppose i*p + 92 - 202 = 0. What is the remainder when 207 is divided by p?
9
Let m(d) = -78*d - 2873. Calculate the remainder when m(-44) is divided by 139.
3
Let i(r) = -r**3 - 6*r**2 + 57*r - 6. Let g be i(-13). Let w = -432 + g. Calculate the remainder when w is divided by 2.
0
Let s(w) = 13*w - 669. Calculate the remainder when 1138 is divided by s(64).
160
Let q(b) = b**3 - 11*b**2 - 58*b + 692. What is the remainder when 959 is divided by q(9)?
7
Let t = -14 - 27. Let x be (t + 6/2)*-2. Suppose 46 - x = -n. What is the remainder when n is divided by 17?
13
Calculate the remainder when (-55)/(-33)*-45*(-2 - (39 + 1)) is divided by 38.
34
Let t(y) = 7*y - 25. Let o be t(10). Suppose -5*s - o = -125. Suppose -s*q + 135 = -11*q. Calculate the remainder when 80 is divided by q.
26
Suppose -h + 5*h = 168. Suppose -4*j + 7 = w - 12, -76 = -5*w - j. What is the remainder when h is divided by 4 - w*2/(-20)*8?
10
Let z(q) = -3*q**3 - 4*q**2 + 12*q + 8. Let i be z(-6). Let s = i - 265. Calculate the remainder when s is divided by 82.
11
Let k = 23057 - 20192. Calculate the remainder when k is divided by 87.
81
Let f = -10 - -12. Let v = -3168 + 3170. Calculate the remainder when v is divided by f.
0
Let c be (-4)/(-3) - (-2080)/(-39). Calculate the remainder when 13/(c/24)*(-82)/4 is divided by 18.
15
Let j = -17 - -21. Suppose 4*m - m = j*s - 79, -5*s = 4*m + 95. Calculate the remainder when 21 is divided by -1 + (-5)/(m/60).
10
Suppose 0 = 5*d - 3*m - 59, 19 = -0*d + d + 3*m. Calculate the remainder when 207 is divided by 1/2*2*d.
12
Let o(s) = s**2 - 29*s + 214. Calculate the remainder when 1644 is divided by o(20).
12
Let t = -2232 - -2240. What is the remainder when 572 is divided by t?
4
Calculate the remainder when (-6)/(-46) + 12620/230 is divided by 30.
25
Let l = -927 - -496. Let x = 711 + l. Suppose -4*m = -u - 47 - 172, -5*u + x = 5*m. What is the remainder when m is divided by 12?
7
Suppose 2*z + 12*v = -v + 26, -5*z - 2*v = -187. What is the remainder when (3 - 1)/(-2) - -151 is divided by z?
33
Let g be ((-48)/(-108))/((-4)/(-36)). Suppose -3*v + 5*m + 233 = -v, -3*m + 453 = g*v. Calculate the remainder when v is divided by 58.
56
Let k(q) = 202*q - 2308. Calculate the remainder when 680 is divided by k(12).
100
Suppose p + 3*a + 17 = 2*p, p - 7 = -2*a. Suppose 0*v + p*v = 66. Calculate the remainder when 13 is divided by v.
1
What is the remainder when (-342)/3762 + (-1 - (-15050)/22) is divided by 675?
8
Suppose -31*i + 34*i - 2340 = 0. Suppose 12*k + i = 32*k. What is the remainder when 111 is divided by k?
33
Suppose -5*l + 7778 = 9*t - 5*t, 3*l = 5*t - 9667. What is the remainder when t is divided by 19?
18
Let q(k) = 29*k**3 - 5*k**2 + 1. Let p be q(1). Suppose 0 = -5*n - 5*l + p, 5*n - 34 = 4*l + 9. Calculate the remainder when 461 is divided by n.
6
Calculate the remainder when (74/185)/(((-24)/5660)/(-3)) is divided by 47.
1
Suppose -179983 = -10*q - 364*q + 155495. What is the remainder when q is divided by 444?
9
Suppose 125*j = 195*j - 3360. What is the remainder when 3552 is divided by j?
0
Let n(p) = -2*p - 36. Let k be n(-17). Calculate the remainder when (88/(-12))/((-6)/45) is divided by (12/9)/(k/(-21)).
13
Let l = 856 + -818. Suppose 63 = 4*h - f, -4*h + 4*f + l = -22. What is the remainder when 57 is divided by h?
9
Let u(j) = j**3 + 17*j**2 - 8*j + 18. Let x be u(-17). Let r = x - 86. Suppose -11*z + 28*z - r = 0. What is the remainder when 43 is divided by z?
3
Let a = -48 - -54. Suppose 2*n = -3*f + 16, -n + 15 = -f + a*f. Suppose -n*j + 255 = 5*h, 6*j - j + 81 = 2*h. What is the remainder when 238 is divided by h?
46
Let x = 13504 - 13382. Calculate the remainder when x is divided by 44.
34
Suppose -9*w + 225 = -0*w. Let g(y) = y + 24. Calculate the remainder when w is divided by g(-14).
5
Suppose 22*a - 1300 = -860. Calculate the remainder when 155 is divided by a.
15
Let t = 25420 + -24882. Calculate the remainder when t is divided by 3.
1
Let j(k) = -8*k + 3000. Calculate the remainder w